{"id":204,"date":"2026-03-31T12:53:53","date_gmt":"2026-03-31T12:53:53","guid":{"rendered":"https:\/\/thucuonghealthy.azdigi.shop\/?post_type=product&#038;p=204"},"modified":"2026-04-01T09:49:42","modified_gmt":"2026-04-01T09:49:42","slug":"sinh-to-dau-do","status":"publish","type":"product","link":"https:\/\/thucuonghealthy.azdigi.shop\/index.php\/san-pham\/sinh-to-dau-do\/","title":{"rendered":"Sinh t\u1ed1 \u0111\u1eadu \u0111\u1ecf"},"content":{"rendered":"<p>Sinh t\u1ed1 \u0111\u1eadu \u0111\u1ecf kh\u00f4ng ch\u1ec9 ngon m\u00e0 c\u00f2n r\u1ea5t b\u1ed5 d\u01b0\u1ee1ng. \u0110\u1eadu \u0111\u1ecf gi\u00fap cung c\u1ea5p n\u0103ng l\u01b0\u1ee3ng, h\u1ed7 tr\u1ee3 l\u00e0m \u0111\u1eb9p da v\u00e0 t\u1ed1t cho s\u1ee9c kh\u1ecfe t\u1ed5ng th\u1ec3. M\u00f3n n\u00e0y c\u00f3 v\u1ecb ng\u1ecdt nh\u1eb9, d\u1ec5 u\u1ed1ng v\u00e0 ph\u00f9 h\u1ee3p v\u1edbi nhi\u1ec1u \u0111\u1ed1i t\u01b0\u1ee3ng kh\u00e1ch h\u00e0ng.<\/p>\n","protected":false},"excerpt":{"rendered":"<p>Sinh t\u1ed1 \u0111\u1eadu \u0111\u1ecf kh\u00f4ng ch\u1ec9 ngon m\u00e0 c\u00f2n r\u1ea5t b\u1ed5 d\u01b0\u1ee1ng. \u0110\u1eadu \u0111\u1ecf gi\u00fap cung c\u1ea5p n\u0103ng l\u01b0\u1ee3ng, h\u1ed7 tr\u1ee3 l\u00e0m \u0111\u1eb9p da v\u00e0 t\u1ed1t cho s\u1ee9c kh\u1ecfe t\u1ed5ng th\u1ec3. M\u00f3n n\u00e0y c\u00f3 v\u1ecb ng\u1ecdt nh\u1eb9, d\u1ec5 u\u1ed1ng v\u00e0 ph\u00f9 h\u1ee3p v\u1edbi nhi\u1ec1u \u0111\u1ed1i t\u01b0\u1ee3ng kh\u00e1ch h\u00e0ng.<\/p>\n","protected":false},"featured_media":207,"comment_status":"open","ping_status":"closed","template":"","meta":[],"product_brand":[],"product_cat":[19],"product_tag":[],"class_list":{"0":"post-204","1":"product","2":"type-product","3":"status-publish","4":"has-post-thumbnail","6":"product_cat-sinh-to-rau-cu","8":"first","9":"instock","10":"shipping-taxable","11":"purchasable","12":"product-type-variable"},"yoast_head":"<!-- This site is optimized with the Yoast SEO plugin v27.2 - https:\/\/yoast.com\/product\/yoast-seo-wordpress\/ -->\n<title>Sinh t\u1ed1 \u0111\u1eadu \u0111\u1ecf \u2013 B\u1ed5 d\u01b0\u1ee1ng, \u0111\u1eb9p da, gi\u00e0u n\u0103ng l\u01b0\u1ee3ng<\/title>\n<meta name=\"description\" content=\"Sinh t\u1ed1 \u0111\u1eadu \u0111\u1ecf gi\u00e0u dinh d\u01b0\u1ee1ng, gi\u00fap \u0111\u1eb9p da, b\u1ed5 sung n\u0103ng l\u01b0\u1ee3ng v\u00e0 t\u1ed1t cho s\u1ee9c kh\u1ecfe. V\u1ecb ng\u1ecdt nh\u1eb9 t\u1ef1 nhi\u00ean, d\u1ec5 u\u1ed1ng m\u1ed7i ng\u00e0y.\" \/>\n<meta name=\"robots\" content=\"index, follow, max-snippet:-1, max-image-preview:large, max-video-preview:-1\" \/>\n<link rel=\"canonical\" href=\"https:\/\/thucuonghealthy.azdigi.shop\/index.php\/san-pham\/sinh-to-dau-do\/\" \/>\n<meta property=\"og:locale\" content=\"vi_VN\" \/>\n<meta property=\"og:type\" content=\"article\" \/>\n<meta property=\"og:title\" content=\"Sinh t\u1ed1 \u0111\u1eadu \u0111\u1ecf \u2013 B\u1ed5 d\u01b0\u1ee1ng, \u0111\u1eb9p da, gi\u00e0u n\u0103ng l\u01b0\u1ee3ng\" \/>\n<meta property=\"og:description\" content=\"Sinh t\u1ed1 \u0111\u1eadu \u0111\u1ecf gi\u00e0u dinh d\u01b0\u1ee1ng, gi\u00fap \u0111\u1eb9p da, b\u1ed5 sung n\u0103ng l\u01b0\u1ee3ng v\u00e0 t\u1ed1t cho s\u1ee9c kh\u1ecfe. V\u1ecb ng\u1ecdt nh\u1eb9 t\u1ef1 nhi\u00ean, d\u1ec5 u\u1ed1ng m\u1ed7i ng\u00e0y.\" \/>\n<meta property=\"og:url\" content=\"https:\/\/thucuonghealthy.azdigi.shop\/index.php\/san-pham\/sinh-to-dau-do\/\" \/>\n<meta property=\"og:site_name\" content=\"thucuonghealthy\" \/>\n<meta property=\"article:modified_time\" content=\"2026-04-01T09:49:42+00:00\" \/>\n<meta property=\"og:image\" content=\"https:\/\/thucuonghealthy.azdigi.shop\/wp-content\/uploads\/2026\/03\/z7677116481714_e7b0e1edd3dfcf075f8c08cd25711d2f-2-e1774962305772.jpg\" \/>\n\t<meta property=\"og:image:width\" content=\"778\" \/>\n\t<meta property=\"og:image:height\" content=\"1080\" \/>\n\t<meta property=\"og:image:type\" content=\"image\/jpeg\" \/>\n<meta name=\"twitter:card\" content=\"summary_large_image\" \/>\n<meta name=\"twitter:label1\" content=\"\u01af\u1edbc t\u00ednh th\u1eddi gian \u0111\u1ecdc\" \/>\n\t<meta name=\"twitter:data1\" content=\"1 ph\u00fat\" \/>\n<script type=\"application\/ld+json\" class=\"yoast-schema-graph\">{\"@context\":\"https:\/\/schema.org\",\"@graph\":[{\"@type\":\"WebPage\",\"@id\":\"https:\/\/thucuonghealthy.azdigi.shop\/index.php\/san-pham\/sinh-to-dau-do\/\",\"url\":\"https:\/\/thucuonghealthy.azdigi.shop\/index.php\/san-pham\/sinh-to-dau-do\/\",\"name\":\"Sinh t\u1ed1 \u0111\u1eadu \u0111\u1ecf \u2013 B\u1ed5 d\u01b0\u1ee1ng, \u0111\u1eb9p da, gi\u00e0u n\u0103ng l\u01b0\u1ee3ng\",\"isPartOf\":{\"@id\":\"https:\/\/thucuonghealthy.azdigi.shop\/#website\"},\"primaryImageOfPage\":{\"@id\":\"https:\/\/thucuonghealthy.azdigi.shop\/index.php\/san-pham\/sinh-to-dau-do\/#primaryimage\"},\"image\":{\"@id\":\"https:\/\/thucuonghealthy.azdigi.shop\/index.php\/san-pham\/sinh-to-dau-do\/#primaryimage\"},\"thumbnailUrl\":\"https:\/\/thucuonghealthy.azdigi.shop\/wp-content\/uploads\/2026\/03\/z7677116481714_e7b0e1edd3dfcf075f8c08cd25711d2f-2-e1774962305772.jpg\",\"datePublished\":\"2026-03-31T12:53:53+00:00\",\"dateModified\":\"2026-04-01T09:49:42+00:00\",\"description\":\"Sinh t\u1ed1 \u0111\u1eadu \u0111\u1ecf gi\u00e0u dinh d\u01b0\u1ee1ng, gi\u00fap \u0111\u1eb9p da, b\u1ed5 sung n\u0103ng l\u01b0\u1ee3ng v\u00e0 t\u1ed1t cho s\u1ee9c kh\u1ecfe. V\u1ecb ng\u1ecdt nh\u1eb9 t\u1ef1 nhi\u00ean, d\u1ec5 u\u1ed1ng m\u1ed7i ng\u00e0y.\",\"breadcrumb\":{\"@id\":\"https:\/\/thucuonghealthy.azdigi.shop\/index.php\/san-pham\/sinh-to-dau-do\/#breadcrumb\"},\"inLanguage\":\"vi\",\"potentialAction\":[{\"@type\":\"ReadAction\",\"target\":[\"https:\/\/thucuonghealthy.azdigi.shop\/index.php\/san-pham\/sinh-to-dau-do\/\"]}]},{\"@type\":\"ImageObject\",\"inLanguage\":\"vi\",\"@id\":\"https:\/\/thucuonghealthy.azdigi.shop\/index.php\/san-pham\/sinh-to-dau-do\/#primaryimage\",\"url\":\"https:\/\/thucuonghealthy.azdigi.shop\/wp-content\/uploads\/2026\/03\/z7677116481714_e7b0e1edd3dfcf075f8c08cd25711d2f-2-e1774962305772.jpg\",\"contentUrl\":\"https:\/\/thucuonghealthy.azdigi.shop\/wp-content\/uploads\/2026\/03\/z7677116481714_e7b0e1edd3dfcf075f8c08cd25711d2f-2-e1774962305772.jpg\",\"width\":778,\"height\":1080,\"caption\":\"Sinh t\u1ed1 \u0111\u1eadu \u0111\u1ecf\"},{\"@type\":\"BreadcrumbList\",\"@id\":\"https:\/\/thucuonghealthy.azdigi.shop\/index.php\/san-pham\/sinh-to-dau-do\/#breadcrumb\",\"itemListElement\":[{\"@type\":\"ListItem\",\"position\":1,\"name\":\"Trang ch\u1ee7\",\"item\":\"https:\/\/thucuonghealthy.azdigi.shop\/\"},{\"@type\":\"ListItem\",\"position\":2,\"name\":\"C\u1eeda h\u00e0ng\",\"item\":\"https:\/\/thucuonghealthy.azdigi.shop\/index.php\/cua-hang\/\"},{\"@type\":\"ListItem\",\"position\":3,\"name\":\"Sinh t\u1ed1 \u0111\u1eadu \u0111\u1ecf\"}]},{\"@type\":\"WebSite\",\"@id\":\"https:\/\/thucuonghealthy.azdigi.shop\/#website\",\"url\":\"https:\/\/thucuonghealthy.azdigi.shop\/\",\"name\":\"thucuonghealthy\",\"description\":\"N\u1eb7ng l\u01b0\u1ee3ng xanh cho ng\u00e0y m\u1edbi\",\"potentialAction\":[{\"@type\":\"SearchAction\",\"target\":{\"@type\":\"EntryPoint\",\"urlTemplate\":\"https:\/\/thucuonghealthy.azdigi.shop\/?s={search_term_string}\"},\"query-input\":{\"@type\":\"PropertyValueSpecification\",\"valueRequired\":true,\"valueName\":\"search_term_string\"}}],\"inLanguage\":\"vi\"}]}<\/script>\n<!-- \/ Yoast SEO plugin. -->","yoast_head_json":{"title":"Sinh t\u1ed1 \u0111\u1eadu \u0111\u1ecf \u2013 B\u1ed5 d\u01b0\u1ee1ng, \u0111\u1eb9p da, gi\u00e0u n\u0103ng l\u01b0\u1ee3ng","description":"Sinh t\u1ed1 \u0111\u1eadu \u0111\u1ecf gi\u00e0u dinh d\u01b0\u1ee1ng, gi\u00fap \u0111\u1eb9p da, b\u1ed5 sung n\u0103ng l\u01b0\u1ee3ng v\u00e0 t\u1ed1t cho s\u1ee9c kh\u1ecfe. V\u1ecb ng\u1ecdt nh\u1eb9 t\u1ef1 nhi\u00ean, d\u1ec5 u\u1ed1ng m\u1ed7i ng\u00e0y.","robots":{"index":"index","follow":"follow","max-snippet":"max-snippet:-1","max-image-preview":"max-image-preview:large","max-video-preview":"max-video-preview:-1"},"canonical":"https:\/\/thucuonghealthy.azdigi.shop\/index.php\/san-pham\/sinh-to-dau-do\/","og_locale":"vi_VN","og_type":"article","og_title":"Sinh t\u1ed1 \u0111\u1eadu \u0111\u1ecf \u2013 B\u1ed5 d\u01b0\u1ee1ng, \u0111\u1eb9p da, gi\u00e0u n\u0103ng l\u01b0\u1ee3ng","og_description":"Sinh t\u1ed1 \u0111\u1eadu \u0111\u1ecf gi\u00e0u dinh d\u01b0\u1ee1ng, gi\u00fap \u0111\u1eb9p da, b\u1ed5 sung n\u0103ng l\u01b0\u1ee3ng v\u00e0 t\u1ed1t cho s\u1ee9c kh\u1ecfe. V\u1ecb ng\u1ecdt nh\u1eb9 t\u1ef1 nhi\u00ean, d\u1ec5 u\u1ed1ng m\u1ed7i ng\u00e0y.","og_url":"https:\/\/thucuonghealthy.azdigi.shop\/index.php\/san-pham\/sinh-to-dau-do\/","og_site_name":"thucuonghealthy","article_modified_time":"2026-04-01T09:49:42+00:00","og_image":[{"width":778,"height":1080,"url":"https:\/\/thucuonghealthy.azdigi.shop\/wp-content\/uploads\/2026\/03\/z7677116481714_e7b0e1edd3dfcf075f8c08cd25711d2f-2-e1774962305772.jpg","type":"image\/jpeg"}],"twitter_card":"summary_large_image","twitter_misc":{"\u01af\u1edbc t\u00ednh th\u1eddi gian \u0111\u1ecdc":"1 ph\u00fat"},"schema":{"@context":"https:\/\/schema.org","@graph":[{"@type":"WebPage","@id":"https:\/\/thucuonghealthy.azdigi.shop\/index.php\/san-pham\/sinh-to-dau-do\/","url":"https:\/\/thucuonghealthy.azdigi.shop\/index.php\/san-pham\/sinh-to-dau-do\/","name":"Sinh t\u1ed1 \u0111\u1eadu \u0111\u1ecf \u2013 B\u1ed5 d\u01b0\u1ee1ng, \u0111\u1eb9p da, gi\u00e0u n\u0103ng l\u01b0\u1ee3ng","isPartOf":{"@id":"https:\/\/thucuonghealthy.azdigi.shop\/#website"},"primaryImageOfPage":{"@id":"https:\/\/thucuonghealthy.azdigi.shop\/index.php\/san-pham\/sinh-to-dau-do\/#primaryimage"},"image":{"@id":"https:\/\/thucuonghealthy.azdigi.shop\/index.php\/san-pham\/sinh-to-dau-do\/#primaryimage"},"thumbnailUrl":"https:\/\/thucuonghealthy.azdigi.shop\/wp-content\/uploads\/2026\/03\/z7677116481714_e7b0e1edd3dfcf075f8c08cd25711d2f-2-e1774962305772.jpg","datePublished":"2026-03-31T12:53:53+00:00","dateModified":"2026-04-01T09:49:42+00:00","description":"Sinh t\u1ed1 \u0111\u1eadu \u0111\u1ecf gi\u00e0u dinh d\u01b0\u1ee1ng, gi\u00fap \u0111\u1eb9p da, b\u1ed5 sung n\u0103ng l\u01b0\u1ee3ng v\u00e0 t\u1ed1t cho s\u1ee9c kh\u1ecfe. V\u1ecb ng\u1ecdt nh\u1eb9 t\u1ef1 nhi\u00ean, d\u1ec5 u\u1ed1ng m\u1ed7i ng\u00e0y.","breadcrumb":{"@id":"https:\/\/thucuonghealthy.azdigi.shop\/index.php\/san-pham\/sinh-to-dau-do\/#breadcrumb"},"inLanguage":"vi","potentialAction":[{"@type":"ReadAction","target":["https:\/\/thucuonghealthy.azdigi.shop\/index.php\/san-pham\/sinh-to-dau-do\/"]}]},{"@type":"ImageObject","inLanguage":"vi","@id":"https:\/\/thucuonghealthy.azdigi.shop\/index.php\/san-pham\/sinh-to-dau-do\/#primaryimage","url":"https:\/\/thucuonghealthy.azdigi.shop\/wp-content\/uploads\/2026\/03\/z7677116481714_e7b0e1edd3dfcf075f8c08cd25711d2f-2-e1774962305772.jpg","contentUrl":"https:\/\/thucuonghealthy.azdigi.shop\/wp-content\/uploads\/2026\/03\/z7677116481714_e7b0e1edd3dfcf075f8c08cd25711d2f-2-e1774962305772.jpg","width":778,"height":1080,"caption":"Sinh t\u1ed1 \u0111\u1eadu \u0111\u1ecf"},{"@type":"BreadcrumbList","@id":"https:\/\/thucuonghealthy.azdigi.shop\/index.php\/san-pham\/sinh-to-dau-do\/#breadcrumb","itemListElement":[{"@type":"ListItem","position":1,"name":"Trang ch\u1ee7","item":"https:\/\/thucuonghealthy.azdigi.shop\/"},{"@type":"ListItem","position":2,"name":"C\u1eeda h\u00e0ng","item":"https:\/\/thucuonghealthy.azdigi.shop\/index.php\/cua-hang\/"},{"@type":"ListItem","position":3,"name":"Sinh t\u1ed1 \u0111\u1eadu \u0111\u1ecf"}]},{"@type":"WebSite","@id":"https:\/\/thucuonghealthy.azdigi.shop\/#website","url":"https:\/\/thucuonghealthy.azdigi.shop\/","name":"thucuonghealthy","description":"N\u1eb7ng l\u01b0\u1ee3ng xanh cho ng\u00e0y m\u1edbi","potentialAction":[{"@type":"SearchAction","target":{"@type":"EntryPoint","urlTemplate":"https:\/\/thucuonghealthy.azdigi.shop\/?s={search_term_string}"},"query-input":{"@type":"PropertyValueSpecification","valueRequired":true,"valueName":"search_term_string"}}],"inLanguage":"vi"}]}},"_links":{"self":[{"href":"https:\/\/thucuonghealthy.azdigi.shop\/index.php\/wp-json\/wp\/v2\/product\/204","targetHints":{"allow":["GET"]}}],"collection":[{"href":"https:\/\/thucuonghealthy.azdigi.shop\/index.php\/wp-json\/wp\/v2\/product"}],"about":[{"href":"https:\/\/thucuonghealthy.azdigi.shop\/index.php\/wp-json\/wp\/v2\/types\/product"}],"replies":[{"embeddable":true,"href":"https:\/\/thucuonghealthy.azdigi.shop\/index.php\/wp-json\/wp\/v2\/comments?post=204"}],"wp:featuredmedia":[{"embeddable":true,"href":"https:\/\/thucuonghealthy.azdigi.shop\/index.php\/wp-json\/wp\/v2\/media\/207"}],"wp:attachment":[{"href":"https:\/\/thucuonghealthy.azdigi.shop\/index.php\/wp-json\/wp\/v2\/media?parent=204"}],"wp:term":[{"taxonomy":"product_brand","embeddable":true,"href":"https:\/\/thucuonghealthy.azdigi.shop\/index.php\/wp-json\/wp\/v2\/product_brand?post=204"},{"taxonomy":"product_cat","embeddable":true,"href":"https:\/\/thucuonghealthy.azdigi.shop\/index.php\/wp-json\/wp\/v2\/product_cat?post=204"},{"taxonomy":"product_tag","embeddable":true,"href":"https:\/\/thucuonghealthy.azdigi.shop\/index.php\/wp-json\/wp\/v2\/product_tag?post=204"}],"curies":[{"name":"wp","href":"https:\/\/api.w.org\/{rel}","templated":true}]}}